{"id":1483,"date":"2019-10-16T16:13:12","date_gmt":"2019-10-16T16:13:12","guid":{"rendered":"https:\/\/the7.io\/company\/?page_id=1483"},"modified":"2019-10-16T16:13:12","modified_gmt":"2019-10-16T16:13:12","slug":"our_services","status":"publish","type":"page","link":"https:\/\/d.r5.wbsprt.com\/opalbuilding.sk\/our_services\/","title":{"rendered":"Services"},"content":{"rendered":"\t\t<div data-elementor-type=\"wp-page\" data-elementor-id=\"1483\" class=\"elementor elementor-1483\" data-elementor-post-type=\"page\">\n\t\t\t\t\t\t<section class=\"elementor-section elementor-top-section elementor-element elementor-element-e6aeaf1 elementor-reverse-tablet elementor-reverse-mobile elementor-section-height-min-height elementor-section-boxed elementor-section-height-default elementor-section-items-middle\" data-id=\"e6aeaf1\" data-element_type=\"section\" data-settings=\"{&quot;background_background&quot;:&quot;classic&quot;}\">\n\t\t\t\t\t\t\t<div class=\"elementor-background-overlay\"><\/div>\n\t\t\t\t\t\t\t<div class=\"elementor-container elementor-column-gap-wider\">\n\t\t\t\t\t<div class=\"elementor-column elementor-col-100 elementor-top-column elementor-element elementor-element-218f1e6\" data-id=\"218f1e6\" data-element_type=\"column\">\n\t\t\t<div class=\"elementor-widget-wrap elementor-element-populated\">\n\t\t\t\t\t\t<div class=\"elementor-element elementor-element-f20f48f elementor-widget elementor-widget-heading\" data-id=\"f20f48f\" data-element_type=\"widget\" data-widget_type=\"heading.default\">\n\t\t\t\t<div class=\"elementor-widget-container\">\n\t\t\t\t\t<h2 class=\"elementor-heading-title elementor-size-default\">Services<\/h2>\t\t\t\t<\/div>\n\t\t\t\t<\/div>\n\t\t\t\t<div class=\"elementor-element elementor-element-5246815 elementor-widget elementor-widget-spacer\" data-id=\"5246815\" data-element_type=\"widget\" data-widget_type=\"spacer.default\">\n\t\t\t\t<div class=\"elementor-widget-container\">\n\t\t\t\t\t\t\t<div class=\"elementor-spacer\">\n\t\t\t<div class=\"elementor-spacer-inner\"><\/div>\n\t\t<\/div>\n\t\t\t\t\t\t<\/div>\n\t\t\t\t<\/div>\n\t\t\t\t<div class=\"elementor-element elementor-element-8ce6fb5 elementor-widget elementor-widget-text-editor\" data-id=\"8ce6fb5\" data-element_type=\"widget\" data-widget_type=\"text-editor.default\">\n\t\t\t\t<div class=\"elementor-widget-container\">\n\t\t\t\t\t\t\t\t\tWhat we are good at\t\t\t\t\t\t\t\t<\/div>\n\t\t\t\t<\/div>\n\t\t\t\t\t<\/div>\n\t\t<\/div>\n\t\t\t\t\t<\/div>\n\t\t<\/section>\n\t\t\t\t<section class=\"elementor-section elementor-top-section elementor-element elementor-element-65122d1 elementor-section-boxed elementor-section-height-default elementor-section-height-default\" data-id=\"65122d1\" data-element_type=\"section\" data-settings=\"{&quot;background_background&quot;:&quot;classic&quot;}\">\n\t\t\t\t\t\t<div class=\"elementor-container elementor-column-gap-wider\">\n\t\t\t\t\t<div class=\"elementor-column elementor-col-100 elementor-top-column elementor-element elementor-element-c7cb675\" data-id=\"c7cb675\" data-element_type=\"column\">\n\t\t\t<div class=\"elementor-widget-wrap elementor-element-populated\">\n\t\t\t\t\t\t<div class=\"elementor-element elementor-element-9c31040 img-align-top image-vertical-align-center slide-h-position-center icon-box-vertical-align-top preserve-img-ratio-cover elementor-widget elementor-widget-the7-elements-simple-posts\" data-id=\"9c31040\" data-element_type=\"widget\" data-widget_type=\"the7-elements-simple-posts.default\">\n\t\t\t\t<div class=\"elementor-widget-container\">\n\t\t\t\t\t<div class=\"the7-simple-widget-posts the7-elementor-widget the7-elements-simple-posts-9c31040 jquery-filter jquery-filter\" data-post-limit=\"-1\" data-pagination-mode=\"none\" data-scroll-offset=\"\" aria-live=\"assertive\">\t\t\t<div class=\"dt-css-grid custom-pagination-handler\" data-columns=\"{&quot;d&quot;:3,&quot;t&quot;:1,&quot;p&quot;:1,&quot;wd&quot;:&quot;&quot;}\">\n\t\t\t\t\t\t\t\t\t<div class=\"wf-cell visible \">\n\t\t\t\t\t\t<article class=\"post visible wrapper post-4990 services type-services status-publish has-post-thumbnail hentry\">\n\n\t\t\t\t\t\t\t<div class=\"post-content-wrapper\">\n\t\t\t\t\t\t\t\t\t\t\t\t\t\t\t\t\t<div class=\"the7-simple-post-thumb\">\n\t\t\t\t\t\t\t\t\t\t<a class=\"post-thumbnail-rollover layzr-bg img-css-resize-wrapper\" aria-label=\"Post image\" href=\"https:\/\/d.r5.wbsprt.com\/opalbuilding.sk\/services\/brand-identity\/\"><img fetchpriority=\"high\" decoding=\"async\" width=\"450\" height=\"450\" src=\"data:image\/svg+xml,%3Csvg%20xmlns%3D&#039;http%3A%2F%2Fwww.w3.org%2F2000%2Fsvg&#039;%20viewBox%3D&#039;0%200%20450%20450&#039;%2F%3E\" class=\"attachment-full size-full preload-me aspect the7-svg-image lazy lazy-load\" alt=\"\" style=\"--ratio: 450 \/ 450;\" data-src=\"https:\/\/d.r5.wbsprt.com\/opalbuilding.sk\/wp-content\/uploads\/2022\/07\/art-space006.svg\" loading=\"eager\" \/><span class=\"the7-hover-icon\"><\/span><\/a>\t\t\t\t\t\t\t\t\t<\/div>\n\t\t\t\t\t\t\t\t\t\t\t\t\t\t\t\t<div class=\"post-entry-content\">\n\t\t\t\t\t\t\t\t\t<h3 class=\"heading\"><a href=\"https:\/\/d.r5.wbsprt.com\/opalbuilding.sk\/services\/brand-identity\/\" rel=\"bookmark\" title=\"Brand identity\" class=\"post-title\">Brand identity<\/a><\/h3><p class=\"short-description\">Suspendisse malesuada consectetur nibh, sit amet semper erat venenatis vitae. Nam a fringilla nulla, sit amet pretium suscipit ultricies finibus.<\/p><a href=\"https:\/\/d.r5.wbsprt.com\/opalbuilding.sk\/services\/brand-identity\/\" target=\"\" aria-label=\"Read more about Brand identity\" class=\"box-button elementor-button elementor-size-sm\">Details &amp; prices<\/a>\t\t\t\t\t\t\t\t<\/div>\n\t\t\t\t\t\t\t<\/div>\n\t\t\t\t\t\t<\/article>\n\t\t\t\t\t<\/div>\t\t\t\t\t\t\t\t\t\t<div class=\"wf-cell visible \">\n\t\t\t\t\t\t<article class=\"post visible wrapper post-4989 services type-services status-publish has-post-thumbnail hentry\">\n\n\t\t\t\t\t\t\t<div class=\"post-content-wrapper\">\n\t\t\t\t\t\t\t\t\t\t\t\t\t\t\t\t\t<div class=\"the7-simple-post-thumb\">\n\t\t\t\t\t\t\t\t\t\t<a class=\"post-thumbnail-rollover layzr-bg img-css-resize-wrapper\" aria-label=\"Post image\" href=\"https:\/\/d.r5.wbsprt.com\/opalbuilding.sk\/services\/social-media-marketing\/\"><img decoding=\"async\" width=\"450\" height=\"450\" src=\"data:image\/svg+xml,%3Csvg%20xmlns%3D&#039;http%3A%2F%2Fwww.w3.org%2F2000%2Fsvg&#039;%20viewBox%3D&#039;0%200%20450%20450&#039;%2F%3E\" class=\"attachment-full size-full preload-me aspect the7-svg-image lazy lazy-load\" alt=\"\" style=\"--ratio: 450 \/ 450;\" data-src=\"https:\/\/d.r5.wbsprt.com\/opalbuilding.sk\/wp-content\/uploads\/2022\/07\/art-marketing-002.svg\" loading=\"eager\" \/><span class=\"the7-hover-icon\"><\/span><\/a>\t\t\t\t\t\t\t\t\t<\/div>\n\t\t\t\t\t\t\t\t\t\t\t\t\t\t\t\t<div class=\"post-entry-content\">\n\t\t\t\t\t\t\t\t\t<h3 class=\"heading\"><a href=\"https:\/\/d.r5.wbsprt.com\/opalbuilding.sk\/services\/social-media-marketing\/\" rel=\"bookmark\" title=\"Social media marketing\" class=\"post-title\">Social media marketing<\/a><\/h3><p class=\"short-description\">Nulla a velit quis ex ornare rhoncus. Donec imperdiet risus justo, vel malesuada erat fermentum at. Morbi at laoreet mauris. Mauris lorem felis, gravida et vehicula congue, tempus vel justo.<\/p><a href=\"https:\/\/d.r5.wbsprt.com\/opalbuilding.sk\/services\/social-media-marketing\/\" target=\"\" aria-label=\"Read more about Social media marketing\" class=\"box-button elementor-button elementor-size-sm\">Details &amp; prices<\/a>\t\t\t\t\t\t\t\t<\/div>\n\t\t\t\t\t\t\t<\/div>\n\t\t\t\t\t\t<\/article>\n\t\t\t\t\t<\/div>\t\t\t\t\t\t\t\t\t\t<div class=\"wf-cell visible \">\n\t\t\t\t\t\t<article class=\"post visible wrapper post-4988 services type-services status-publish has-post-thumbnail hentry\">\n\n\t\t\t\t\t\t\t<div class=\"post-content-wrapper\">\n\t\t\t\t\t\t\t\t\t\t\t\t\t\t\t\t\t<div class=\"the7-simple-post-thumb\">\n\t\t\t\t\t\t\t\t\t\t<a class=\"post-thumbnail-rollover layzr-bg img-css-resize-wrapper\" aria-label=\"Post image\" href=\"https:\/\/d.r5.wbsprt.com\/opalbuilding.sk\/services\/project-management\/\"><img decoding=\"async\" width=\"450\" height=\"450\" src=\"data:image\/svg+xml,%3Csvg%20xmlns%3D&#039;http%3A%2F%2Fwww.w3.org%2F2000%2Fsvg&#039;%20viewBox%3D&#039;0%200%20450%20450&#039;%2F%3E\" class=\"attachment-full size-full preload-me aspect the7-svg-image lazy lazy-load\" alt=\"\" style=\"--ratio: 450 \/ 450;\" data-src=\"https:\/\/d.r5.wbsprt.com\/opalbuilding.sk\/wp-content\/uploads\/2022\/07\/art-process-002.svg\" loading=\"eager\" \/><span class=\"the7-hover-icon\"><\/span><\/a>\t\t\t\t\t\t\t\t\t<\/div>\n\t\t\t\t\t\t\t\t\t\t\t\t\t\t\t\t<div class=\"post-entry-content\">\n\t\t\t\t\t\t\t\t\t<h3 class=\"heading\"><a href=\"https:\/\/d.r5.wbsprt.com\/opalbuilding.sk\/services\/project-management\/\" rel=\"bookmark\" title=\"Project management\" class=\"post-title\">Project management<\/a><\/h3><p class=\"short-description\">Nam a fringilla nulla, sit amet pretium libero. Fusce sed iaculis nunc. Suspendisse suscipit ultricies finibus. Sed eleifend augue est, quis lobortis lectus ornare.<\/p><a href=\"https:\/\/d.r5.wbsprt.com\/opalbuilding.sk\/services\/project-management\/\" target=\"\" aria-label=\"Read more about Project management\" class=\"box-button elementor-button elementor-size-sm\">Details &amp; prices<\/a>\t\t\t\t\t\t\t\t<\/div>\n\t\t\t\t\t\t\t<\/div>\n\t\t\t\t\t\t<\/article>\n\t\t\t\t\t<\/div>\t\t\t\t\t\t\t\t<\/div>\n\t\t<\/div>\t\t\t\t<\/div>\n\t\t\t\t<\/div>\n\t\t\t\t\t<\/div>\n\t\t<\/div>\n\t\t\t\t\t<\/div>\n\t\t<\/section>\n\t\t\t\t<section class=\"elementor-section elementor-top-section elementor-element elementor-element-3799905 elementor-section-boxed elementor-section-height-default elementor-section-height-default\" data-id=\"3799905\" data-element_type=\"section\" data-settings=\"{&quot;background_background&quot;:&quot;classic&quot;}\">\n\t\t\t\t\t\t<div class=\"elementor-container elementor-column-gap-wider\">\n\t\t\t\t\t<div class=\"elementor-column elementor-col-100 elementor-top-column elementor-element elementor-element-f04edd8\" data-id=\"f04edd8\" data-element_type=\"column\">\n\t\t\t<div class=\"elementor-widget-wrap elementor-element-populated\">\n\t\t\t\t\t\t<div class=\"elementor-element elementor-element-d647242 elementor-widget elementor-widget-heading\" data-id=\"d647242\" data-element_type=\"widget\" data-widget_type=\"heading.default\">\n\t\t\t\t<div class=\"elementor-widget-container\">\n\t\t\t\t\t<h3 class=\"elementor-heading-title elementor-size-default\">Trust our experience!<\/h3>\t\t\t\t<\/div>\n\t\t\t\t<\/div>\n\t\t\t\t<div class=\"elementor-element elementor-element-c8bf43d elementor-widget elementor-widget-spacer\" data-id=\"c8bf43d\" data-element_type=\"widget\" data-widget_type=\"spacer.default\">\n\t\t\t\t<div class=\"elementor-widget-container\">\n\t\t\t\t\t\t\t<div class=\"elementor-spacer\">\n\t\t\t<div class=\"elementor-spacer-inner\"><\/div>\n\t\t<\/div>\n\t\t\t\t\t\t<\/div>\n\t\t\t\t<\/div>\n\t\t\t\t<div class=\"elementor-element elementor-element-c0998fb elementor-widget elementor-widget-heading\" data-id=\"c0998fb\" data-element_type=\"widget\" data-widget_type=\"heading.default\">\n\t\t\t\t<div class=\"elementor-widget-container\">\n\t\t\t\t\t<span class=\"elementor-heading-title elementor-size-default\">We love &amp; know what we do!<\/span>\t\t\t\t<\/div>\n\t\t\t\t<\/div>\n\t\t\t\t<div class=\"elementor-element elementor-element-ae9de74 elementor-widget elementor-widget-spacer\" data-id=\"ae9de74\" data-element_type=\"widget\" data-widget_type=\"spacer.default\">\n\t\t\t\t<div class=\"elementor-widget-container\">\n\t\t\t\t\t\t\t<div class=\"elementor-spacer\">\n\t\t\t<div class=\"elementor-spacer-inner\"><\/div>\n\t\t<\/div>\n\t\t\t\t\t\t<\/div>\n\t\t\t\t<\/div>\n\t\t\t\t<div class=\"elementor-element elementor-element-f0eadd3 arrows-relative-to-box_area slider-layout_1 slider-tablet-default slider-mobile-default slide-h-position-center bullets-small-dot-stroke elementor-widget elementor-widget-the7_content_carousel\" data-id=\"f0eadd3\" data-element_type=\"widget\" data-settings=\"{&quot;gap_between_posts&quot;:{&quot;unit&quot;:&quot;px&quot;,&quot;size&quot;:60,&quot;sizes&quot;:[]},&quot;widget_columns&quot;:3,&quot;widget_columns_tablet&quot;:2,&quot;widget_columns_mobile&quot;:1,&quot;gap_between_posts_tablet&quot;:{&quot;unit&quot;:&quot;px&quot;,&quot;size&quot;:&quot;&quot;,&quot;sizes&quot;:[]},&quot;gap_between_posts_mobile&quot;:{&quot;unit&quot;:&quot;px&quot;,&quot;size&quot;:&quot;&quot;,&quot;sizes&quot;:[]}}\" data-widget_type=\"the7_content_carousel.default\">\n\t\t\t\t<div class=\"elementor-widget-container\">\n\t\t\t\t\t<div class=\"disable-arrows-hover-bg owl-carousel text-and-icon-carousel elementor-owl-carousel-call the7-elementor-widget the7_content_carousel-f0eadd3 quick-scale-img\" data-scroll-mode=\"1\" data-auto-height=\"false\" data-speed=\"600\" data-autoplay=\"false\" data-autoplay_speed=\"\"><div  class=\"dt-owl-item-wrap elements-hover\"  ><div class=\"dt-owl-item-inner \"><div   class=\"dt-owl-item-icon\"><i aria-hidden=\"true\" class=\"open-button fas fa-graduation-cap\"><\/i><\/div><h4  class=\"dt-owl-item-heading\">Education<\/h4><div class=\"dt-owl-item-description\">Nam arcu orci, commodo at dapibus id, sodales ac tortor. Interdum et malesuada fames ac ante ipsum primis in faucibus. Fusce fringilla justo vel dui consectetur.<\/div><\/div><\/div><div  class=\"dt-owl-item-wrap elements-hover\"  ><div class=\"dt-owl-item-inner \"><div   class=\"dt-owl-item-icon\"><i aria-hidden=\"true\" class=\"open-button fas fa-satellite-dish\"><\/i><\/div><h4  class=\"dt-owl-item-heading\">Technology<\/h4><div class=\"dt-owl-item-description\">Fusce fringilla justo vel dui consectetur, fringilla maximus ante malesuada. Suspendisse facilisis nisl augue, ut sollicitudin lectus ornare et. Nam arcu orci, commodo at dapibus id, sodales ac tortor.<\/div><\/div><\/div><div  class=\"dt-owl-item-wrap elements-hover\"  ><div class=\"dt-owl-item-inner \"><div   class=\"dt-owl-item-icon\"><i aria-hidden=\"true\" class=\"open-button fas fa-user-tie\"><\/i><\/div><h4  class=\"dt-owl-item-heading\">Strong Leaders<\/h4><div class=\"dt-owl-item-description\">Nam efficitur lectus tellus. Phasellus vitae diam nisi. Vivamus rutrum pellentesque lectus, at tincidunt risus Donec condimentum fringilla justo vel dui consectetur, fringilla maximus ante malesuada!<\/div><\/div><\/div><div  class=\"dt-owl-item-wrap elements-hover\"  ><div class=\"dt-owl-item-inner \"><div   class=\"dt-owl-item-icon\"><i aria-hidden=\"true\" class=\"open-button fas fa-seedling\"><\/i><\/div><h4  class=\"dt-owl-item-heading\">Eco frindly<\/h4><div class=\"dt-owl-item-description\">Vivamus rutrum pellentesque lectus, at tincidunt risus Donec condimentum non ligula ut pretium malesuada. Suspendisse augue, ut sollicitudin lectus ornare et.<\/div><\/div><\/div><\/div><div class=\"owl-nav disabled\"><div class=\"owl-prev\" role=\"button\"><i class=\"fas fa-chevron-left\"><\/i><\/div><div class=\"owl-next\" role=\"button\"><i class=\"fas fa-chevron-right\"><\/i><\/div><\/div>\t\t\t\t<\/div>\n\t\t\t\t<\/div>\n\t\t\t\t\t<\/div>\n\t\t<\/div>\n\t\t\t\t\t<\/div>\n\t\t<\/section>\n\t\t\t\t<section class=\"elementor-section elementor-top-section elementor-element elementor-element-d7309c0 elementor-section-boxed elementor-section-height-default elementor-section-height-default\" data-id=\"d7309c0\" data-element_type=\"section\" data-settings=\"{&quot;background_background&quot;:&quot;classic&quot;}\">\n\t\t\t\t\t\t\t<div class=\"elementor-background-overlay\"><\/div>\n\t\t\t\t\t\t\t<div class=\"elementor-container elementor-column-gap-wider\">\n\t\t\t\t\t<div class=\"elementor-column elementor-col-100 elementor-top-column elementor-element elementor-element-57f0af4\" data-id=\"57f0af4\" data-element_type=\"column\">\n\t\t\t<div class=\"elementor-widget-wrap elementor-element-populated\">\n\t\t\t\t\t\t<div class=\"elementor-element elementor-element-4122c98 elementor-widget__width-initial elementor-widget elementor-widget-heading\" data-id=\"4122c98\" data-element_type=\"widget\" data-widget_type=\"heading.default\">\n\t\t\t\t<div class=\"elementor-widget-container\">\n\t\t\t\t\t<h3 class=\"elementor-heading-title elementor-size-default\">Want to know how we can help your business?<\/h3>\t\t\t\t<\/div>\n\t\t\t\t<\/div>\n\t\t\t\t<div class=\"elementor-element elementor-element-67aa16e elementor-widget elementor-widget-spacer\" data-id=\"67aa16e\" data-element_type=\"widget\" data-widget_type=\"spacer.default\">\n\t\t\t\t<div class=\"elementor-widget-container\">\n\t\t\t\t\t\t\t<div class=\"elementor-spacer\">\n\t\t\t<div class=\"elementor-spacer-inner\"><\/div>\n\t\t<\/div>\n\t\t\t\t\t\t<\/div>\n\t\t\t\t<\/div>\n\t\t\t\t<div class=\"elementor-element elementor-element-3157002 elementor-widget__width-auto elementor-widget-mobile__width-inherit elementor-widget elementor-widget-heading\" data-id=\"3157002\" data-element_type=\"widget\" data-widget_type=\"heading.default\">\n\t\t\t\t<div class=\"elementor-widget-container\">\n\t\t\t\t\t<p class=\"elementor-heading-title elementor-size-default\">Call us:<\/p>\t\t\t\t<\/div>\n\t\t\t\t<\/div>\n\t\t\t\t<div class=\"elementor-element elementor-element-de5cc51 elementor-widget__width-auto elementor-widget elementor-widget-heading\" data-id=\"de5cc51\" data-element_type=\"widget\" data-widget_type=\"heading.default\">\n\t\t\t\t<div class=\"elementor-widget-container\">\n\t\t\t\t\t<h4 class=\"elementor-heading-title elementor-size-default\">+001 234 56 78<\/h4>\t\t\t\t<\/div>\n\t\t\t\t<\/div>\n\t\t\t\t<div class=\"elementor-element elementor-element-30e5fdb elementor-align-center elementor-widget__width-auto elementor-widget elementor-widget-the7_button_widget\" data-id=\"30e5fdb\" data-element_type=\"widget\" data-widget_type=\"the7_button_widget.default\">\n\t\t\t\t<div class=\"elementor-widget-container\">\n\t\t\t\t\t<div class=\"elementor-button-wrapper\"><a href=\"http:\/\/d.r5.wbsprt.com\/opalbuilding.sk\/contact\/\" class=\"box-button elementor-button elementor-size-lg\">Contact us online<\/a><\/div>\t\t\t\t<\/div>\n\t\t\t\t<\/div>\n\t\t\t\t\t<\/div>\n\t\t<\/div>\n\t\t\t\t\t<\/div>\n\t\t<\/section>\n\t\t\t\t<\/div>\n\t\t","protected":false},"excerpt":{"rendered":"","protected":false},"author":1,"featured_media":0,"parent":0,"menu_order":7,"comment_status":"closed","ping_status":"closed","template":"elementor_header_footer","meta":{"_monsterinsights_skip_tracking":false,"_monsterinsights_sitenote_active":false,"_monsterinsights_sitenote_note":"","_monsterinsights_sitenote_category":0,"footnotes":""},"class_list":["post-1483","page","type-page","status-publish","hentry"],"yoast_head":"<!-- This site is optimized with the Yoast SEO plugin v27.5 - https:\/\/yoast.com\/product\/yoast-seo-wordpress\/ -->\n<title>Services - Opal Building<\/title>\n<meta name=\"robots\" content=\"index, follow, max-snippet:-1, max-image-preview:large, max-video-preview:-1\" \/>\n<link rel=\"canonical\" href=\"https:\/\/d.r5.wbsprt.com\/opalbuilding.sk\/our_services\/\" \/>\n<meta property=\"og:locale\" content=\"sk_SK\" \/>\n<meta property=\"og:type\" content=\"article\" \/>\n<meta property=\"og:title\" content=\"Services - Opal Building\" \/>\n<meta property=\"og:url\" content=\"https:\/\/d.r5.wbsprt.com\/opalbuilding.sk\/our_services\/\" \/>\n<meta property=\"og:site_name\" content=\"Opal Building\" \/>\n<meta name=\"twitter:card\" content=\"summary_large_image\" \/>\n<script type=\"application\/ld+json\" class=\"yoast-schema-graph\">{\"@context\":\"https:\\\/\\\/schema.org\",\"@graph\":[{\"@type\":\"WebPage\",\"@id\":\"https:\\\/\\\/d.r5.wbsprt.com\\\/opalbuilding.sk\\\/our_services\\\/\",\"url\":\"https:\\\/\\\/d.r5.wbsprt.com\\\/opalbuilding.sk\\\/our_services\\\/\",\"name\":\"Services - Opal Building\",\"isPartOf\":{\"@id\":\"https:\\\/\\\/opalbuilding.sk\\\/#website\"},\"datePublished\":\"2019-10-16T16:13:12+00:00\",\"breadcrumb\":{\"@id\":\"https:\\\/\\\/d.r5.wbsprt.com\\\/opalbuilding.sk\\\/our_services\\\/#breadcrumb\"},\"inLanguage\":\"sk-SK\",\"potentialAction\":[{\"@type\":\"ReadAction\",\"target\":[\"https:\\\/\\\/d.r5.wbsprt.com\\\/opalbuilding.sk\\\/our_services\\\/\"]}]},{\"@type\":\"BreadcrumbList\",\"@id\":\"https:\\\/\\\/d.r5.wbsprt.com\\\/opalbuilding.sk\\\/our_services\\\/#breadcrumb\",\"itemListElement\":[{\"@type\":\"ListItem\",\"position\":1,\"name\":\"Home\",\"item\":\"https:\\\/\\\/opalbuilding.sk\\\/\"},{\"@type\":\"ListItem\",\"position\":2,\"name\":\"Services\"}]},{\"@type\":\"WebSite\",\"@id\":\"https:\\\/\\\/opalbuilding.sk\\\/#website\",\"url\":\"https:\\\/\\\/opalbuilding.sk\\\/\",\"name\":\"Opal Building\",\"description\":\"Stavebn\u00e1 spolo\u010dnos\u0165 s vy\u0161e 30 ro\u010dnou hist\u00f3riou.\",\"publisher\":{\"@id\":\"https:\\\/\\\/opalbuilding.sk\\\/#organization\"},\"potentialAction\":[{\"@type\":\"SearchAction\",\"target\":{\"@type\":\"EntryPoint\",\"urlTemplate\":\"https:\\\/\\\/opalbuilding.sk\\\/?s={search_term_string}\"},\"query-input\":{\"@type\":\"PropertyValueSpecification\",\"valueRequired\":true,\"valueName\":\"search_term_string\"}}],\"inLanguage\":\"sk-SK\"},{\"@type\":\"Organization\",\"@id\":\"https:\\\/\\\/opalbuilding.sk\\\/#organization\",\"name\":\"Opal Building\",\"url\":\"https:\\\/\\\/opalbuilding.sk\\\/\",\"logo\":{\"@type\":\"ImageObject\",\"inLanguage\":\"sk-SK\",\"@id\":\"https:\\\/\\\/opalbuilding.sk\\\/#\\\/schema\\\/logo\\\/image\\\/\",\"url\":\"https:\\\/\\\/d.r5.wbsprt.com\\\/opalbuilding.sk\\\/wp-content\\\/uploads\\\/2022\\\/05\\\/OPAL-building_LOGO.png\",\"contentUrl\":\"https:\\\/\\\/d.r5.wbsprt.com\\\/opalbuilding.sk\\\/wp-content\\\/uploads\\\/2022\\\/05\\\/OPAL-building_LOGO.png\",\"width\":206,\"height\":100,\"caption\":\"Opal Building\"},\"image\":{\"@id\":\"https:\\\/\\\/opalbuilding.sk\\\/#\\\/schema\\\/logo\\\/image\\\/\"}}]}<\/script>\n<!-- \/ Yoast SEO plugin. -->","yoast_head_json":{"title":"Services - Opal Building","robots":{"index":"index","follow":"follow","max-snippet":"max-snippet:-1","max-image-preview":"max-image-preview:large","max-video-preview":"max-video-preview:-1"},"canonical":"https:\/\/d.r5.wbsprt.com\/opalbuilding.sk\/our_services\/","og_locale":"sk_SK","og_type":"article","og_title":"Services - Opal Building","og_url":"https:\/\/d.r5.wbsprt.com\/opalbuilding.sk\/our_services\/","og_site_name":"Opal Building","twitter_card":"summary_large_image","schema":{"@context":"https:\/\/schema.org","@graph":[{"@type":"WebPage","@id":"https:\/\/d.r5.wbsprt.com\/opalbuilding.sk\/our_services\/","url":"https:\/\/d.r5.wbsprt.com\/opalbuilding.sk\/our_services\/","name":"Services - Opal Building","isPartOf":{"@id":"https:\/\/opalbuilding.sk\/#website"},"datePublished":"2019-10-16T16:13:12+00:00","breadcrumb":{"@id":"https:\/\/d.r5.wbsprt.com\/opalbuilding.sk\/our_services\/#breadcrumb"},"inLanguage":"sk-SK","potentialAction":[{"@type":"ReadAction","target":["https:\/\/d.r5.wbsprt.com\/opalbuilding.sk\/our_services\/"]}]},{"@type":"BreadcrumbList","@id":"https:\/\/d.r5.wbsprt.com\/opalbuilding.sk\/our_services\/#breadcrumb","itemListElement":[{"@type":"ListItem","position":1,"name":"Home","item":"https:\/\/opalbuilding.sk\/"},{"@type":"ListItem","position":2,"name":"Services"}]},{"@type":"WebSite","@id":"https:\/\/opalbuilding.sk\/#website","url":"https:\/\/opalbuilding.sk\/","name":"Opal Building","description":"Stavebn\u00e1 spolo\u010dnos\u0165 s vy\u0161e 30 ro\u010dnou hist\u00f3riou.","publisher":{"@id":"https:\/\/opalbuilding.sk\/#organization"},"potentialAction":[{"@type":"SearchAction","target":{"@type":"EntryPoint","urlTemplate":"https:\/\/opalbuilding.sk\/?s={search_term_string}"},"query-input":{"@type":"PropertyValueSpecification","valueRequired":true,"valueName":"search_term_string"}}],"inLanguage":"sk-SK"},{"@type":"Organization","@id":"https:\/\/opalbuilding.sk\/#organization","name":"Opal Building","url":"https:\/\/opalbuilding.sk\/","logo":{"@type":"ImageObject","inLanguage":"sk-SK","@id":"https:\/\/opalbuilding.sk\/#\/schema\/logo\/image\/","url":"https:\/\/d.r5.wbsprt.com\/opalbuilding.sk\/wp-content\/uploads\/2022\/05\/OPAL-building_LOGO.png","contentUrl":"https:\/\/d.r5.wbsprt.com\/opalbuilding.sk\/wp-content\/uploads\/2022\/05\/OPAL-building_LOGO.png","width":206,"height":100,"caption":"Opal Building"},"image":{"@id":"https:\/\/opalbuilding.sk\/#\/schema\/logo\/image\/"}}]}},"_links":{"self":[{"href":"https:\/\/d.r5.wbsprt.com\/opalbuilding.sk\/wp-json\/wp\/v2\/pages\/1483","targetHints":{"allow":["GET"]}}],"collection":[{"href":"https:\/\/d.r5.wbsprt.com\/opalbuilding.sk\/wp-json\/wp\/v2\/pages"}],"about":[{"href":"https:\/\/d.r5.wbsprt.com\/opalbuilding.sk\/wp-json\/wp\/v2\/types\/page"}],"author":[{"embeddable":true,"href":"https:\/\/d.r5.wbsprt.com\/opalbuilding.sk\/wp-json\/wp\/v2\/users\/1"}],"replies":[{"embeddable":true,"href":"https:\/\/d.r5.wbsprt.com\/opalbuilding.sk\/wp-json\/wp\/v2\/comments?post=1483"}],"version-history":[{"count":0,"href":"https:\/\/d.r5.wbsprt.com\/opalbuilding.sk\/wp-json\/wp\/v2\/pages\/1483\/revisions"}],"wp:attachment":[{"href":"https:\/\/d.r5.wbsprt.com\/opalbuilding.sk\/wp-json\/wp\/v2\/media?parent=1483"}],"curies":[{"name":"wp","href":"https:\/\/api.w.org\/{rel}","templated":true}]}}